What is -141 (base 8) in base 10?
-97
-23 (base 4) to base 5
-21
What is -1000 (base 4) in base 16?
-40
Convert 34 (base 12) to base 13.
31
-2 (base 5) to base 13
-2
What is 25 (base 12) in base 3?
1002
What is 21 (base 12) in base 15?
1a
What is -105 (base 8) in base 16?
-45
What is -1 (base 6) in base 15?
-1
-32 (base 9) to base 13
-23
Convert -1 (base 3) to base 2.
-1
What is 105 (base 8) in base 16?
45
12 (base 3) to base 5
10
What is 30 (base 4) in base 8?
14
-21 (base 11) to base 2
-10111
What is -7 (base 9) in base 12?
-7
Convert 2 (base 16) to base 9.
2
1000000 (base 2) to base 5
224
0 (base 6) to base 2
0
What is 3 (base 4) in base 2?
11
Convert 13 (base 11) to base 6.
22
-2 (base 7) to base 8
-2
What is 2 (base 6) in base 16?
2
2b (base 12) to base 2
100011
What is 143 (base 7) in base 12?
68
Convert -2 (base 12) to base 13.
-2
Convert -220 (base 7) to base 5.
-422
Convert -133 (base 6) to base 13.
-45
Convert -11011101 (base 2) to base 16.
-dd
What is 0 (base 16) in base 11?
0
Convert -4 (base 10) to base 2.
-100
Convert -20 (base 3) to base 2.
-110
What is a (base 16) in base 13?
a
Convert -1111 (base 3) to base 8.
-50
What is -34 (base 9) in base 6?
-51
Convert 21 (base 3) to base 16.
7
4 (base 7) to base 13
4
-71 (base 11) to base 15
-53
Convert 4 (base 14) to base 8.
4
3 (base 15) to base 7
3
Convert 11101 (base 2) to base 3.
1002
13 (base 7) to base 13
a
54 (base 8) to base 14
32
Convert 4 (base 13) to base 8.
4
-2 (base 6) to base 3
-2
Convert -122 (base 3) to base 15.
-12
Convert -133 (base 6) to base 5.
-212
What is 6 (base 13) in base 10?
6
What is 1 (base 3) in base 11?
1
What is 2 (base 4) in base 3?
2
Convert 107 (base 16) to base 9.
322
Convert 29 (base 12) to base 3.
1020
Convert -55 (base 6) to base 14.
-27
Convert -10 (base 10) to base 2.
-1010
1 (base 8) to base 6
1
1211 (base 3) to base 10
49
Convert -40 (base 11) to base 10.
-44
What is -431 (base 7) in base 13?
-13a
Convert -12 (base 5) to base 13.
-7
-10 (base 13) to base 7
-16
3 (base 15) to base 12
3
Convert -8 (base 11) to base 10.
-8
Convert 115 (base 12) to base 11.
137
-40 (base 5) to base 16
-14
3 (base 4) to base 3
10
What is -70 (base 8) in base 7?
-110
Convert -65 (base 8) to base 16.
-35
Convert 21 (base 4) to base 2.
1001
Convert 16 (base 16) to base 11.
20
Convert 40 (base 6) to base 3.
220
What is 246 (base 9) in base 14?
108
6 (base 8) to base 13
6
Convert -2 (base 13) to base 8.
-2
47 (base 10) to base 2
101111
0 (base 5) to base 6
0
Convert a (base 11) to base 2.
1010
What is -2b (base 12) in base 8?
-43
What is -3 (base 16) in base 15?
-3
Convert 321 (base 10) to base 16.
141
Convert 5 (base 14) to base 15.
5
Convert -a0 (base 14) to base 10.
-140
Convert 13 (base 15) to base 10.
18
What is -1 (base 16) in base 15?
-1
What is 1 (base 14) in base 10?
1
What is 119 (base 15) in base 16?
f9
What is -117 (base 10) in base 16?
-75
Convert 36 (base 13) to base 16.
2d
-41 (base 5) to base 11
-1a
3 (base 14) to base 16
3
Convert -10210 (base 4) to base 11.
-246
-23 (base 7) to base 12
-15
Convert 1 (base 8) to base 10.
1
What is -10 (base 2) in base 5?
-2
What is 5b (base 15) in base 13?
68
What is 3 (base 5) in base 7?
3
What is 0 (base 12) in base 5?
0
What is 133 (base 5) in base 11?
3a
211 (base 3) to base 15
17
Convert 73 (base 12) to base 11.
7a
0 (base 3) to base 12
0
Convert -11 (base 3) to base 15.
-4
-23 (base 4) to base 8
-13
What is a (base 12) in base 6?
14
What is 4 (base 5) in base 13?
4
-10011 (base 2) to base 10
-19
What is 6 (base 16) in base 14?
6
Convert -1 (base 16) to base 15.
-1
What is 18 (base 11) in base 2?
10011
What is 106 (base 7) in base 11?
50
Convert 0 (base 11) to base 12.
0
Convert 10 (base 3) to base 6.
3
What is -222 (base 4) in base 14?
-30
Convert 240 (base 9) to base 14.
102
Convert 56 (base 11) to base 14.
45
What is 13 (base 8) in base 2?
1011
Convert -613 (base 7) to base 6.
-1224
What is -2 (base 3) in base 16?
-2
Convert 25 (base 12) to base 5.
104
Convert 3 (base 14) to base 15.
3
-1 (base 13) to base 7
-1
Convert 0 (base 6) to base 14.
0
What is 22 (base 16) in base 2?
100010
What is 10020 (base 3) in base 8?
127
24 (base 5) to base 6
22
-5 (base 7) to base 4
-11
What is 5 (base 10) in base 8?
5
1 (base 15) to base 16
1
What is 1a (base 12) in base 14?
18
4 (base 9) to base 12
4
What is -31 (base 8) in base 15?
-1a
What is -61 (base 14) in base 3?
-10011
Convert -121 (base 3) to base 16.
-10
What is 5 (base 14) in base 10?
5
What is -18 (base 13) in base 2?
-10101
-10 (base 4) to base 9
-4
What is -12002 (base 3) in base 7?
-254
Convert 62 (base 10) to base 12.
52
What is -12002 (base 3) in base 13?
-a7
Convert 344 (base 5) to base 7.
201
What is 10 (base 10) in base 2?
1010
Convert -1122 (base 3) to base 11.
-40
42 (base 9) to base 12
32
Convert -61 (base 12) to base 11.
-67
Convert 107 (base 9) to base 13.
6a
Convert 2122 (base 3) to base 9.
78
43 (base 5) to base 16
17
Convert -1113 (base 6) to base 12.
-199
Convert 23 (base 4) to base 2.
1011
Convert -27 (base 9) to base 5.
-100
-362 (base 7) to base 2
-10111111
Convert 21 (base 3) to base 10.
7
2 (base 8) to base 11
2
-7 (base 13) to base 8
-7
-1 (base 3) to base 9
-1
What is 42 (base 5) in base 12?
1a
-11 (base 7) to base 6
-12
What is 1 (base 15) in base 7?
1
What is 4 (base 5) in base 13?
4
What is -203 (base 4) in base 12?
-2b
Convert -10 (base 12) to base 2.
-1100
-16 (base 9) to base 6
-23
Convert -28 (base 11) to base 6.
-50
What is 21 (base 3) in base 16?
7
What is -10000 (base 2) in base 8?
-20
Convert 40 (base 13) to base 12.
44
Convert -22 (base 5) to base 14.
-c
-70 (base 13) to base 8
-133
Convert 2 (base 15) to base 3.
2
-1 (base 9) to base 13
-1
What is 1 (base 14) in base 7?
1
Convert 0 (base 13) to base 5.
0
-130 (base 4) to base 8
-34
Convert 3 (base 6) to base 16.
3
Convert 113 (base 4) to base 10.
23
What is -161 (base 11) in base 14?
-d6
-216 (base 9) to base 6
-453
What is 1122 (base 4) in base 2?
1011010
Convert 1 (base 5) to base 16.
1
Convert 39 (base 13) to base 10.
48
What is 20 (base 5) in base 7?
13
What is 1 (base 15) in base 12?
1
What is -100010 (base 2) in base 13?
-28
-5b (base 14) to base 15
-56
What is 14 (base 9) in base 6?
21
Convert 7 (base 14) to base 11.
7
6 (base 14) to base 16
6
What is -115 (base 6) in base 5?
-142
What is 1 (base 16) in base 2?
1
-3 (base 13) to base 11
-3
Convert -232 (base 9) to base 5.
-1231
What is 10 (base 3) in base 14?
3
What is 63 (base 13) in base 5?
311
29 (base 13) to base 10
35
Convert -101 (base 2) to base 10.
-5
What is 4 (base 16) in base 11?
4
-6 (base 12) to base 15
-6
Convert -102 (base 7) to base 9.
-56
What is 7 (base 15) in base 9?
7
-e (base 16) to base 5
-24
-21 (base 4) to base 9
-10
Convert -4 (base 12) to base 10.
-4
What is -23 (base 11) in base 10?
-25
Convert 1 (base 6) to base 9.
1
4 (base 14) to base 5
4
-1 (base 12) to base 13
-1
Convert 3200 (base 4) to base 9.
268
Convert 1020 (base 6) to base 9.
273
What is 24 (base 8) in base 2?
10100
Convert -d (base 15) to base 10.
-13
-d (base 15) to base 7
-16
What is -5 (base 14) in base 3?
-12
What is 4 (base 9) in base 13?
4
-1102 (base 4) to base 5
-312
What is -21 (base 3) in base 14?
-7
-10022 (base 3) to base 8
-131
-c (base 14) to base 15
-c
What is -76 (base 8) in base 6?
-142
Convert -373 (base 8) to base 12.
-18b
Convert -12 (base 10) to base 3.
-110
What is 221 (base 4) in base 12?
35
What is -2 (base 7) in base 11?
-2
Convert 26 (base 15) to base 6.
100
What is 113 (base 14) in base 9?
256
What is -14 (base 9) in base 14?
-d
What is -15 (base 6) in base 16?
-b
-3 (base 9) to base 4
-3
Convert 2 (base 3) to base 9.
2
What is -30 (base 7) in base 15?
-16
What is 2101 (base 3) in base 2?
1000000
Convert -6 (base 14) to base 16.
-6
What is 464 (base 8) in base 5?
2213
What is -14a (base 11) in base 12?
-127
What is -99 (base 15) in base 9?
-170
What is 28 (base 10) in base 12?
24
-1 (base 5) to base 2
-1
212 (base 7) to base 13
83
1 (base 16) to base 12
1
Convert 1232 (base 5) to base 2.
11000000
-88 (base 16) to base 2
-10001000
Convert -21 (base 3) to base 11.
-7
Convert 2 (base 4) to base 13.
2
Convert -4 (base 14) to base 10.
-4
What is 10 (base 15) in base 5?
30
Convert 16 (base 9) to base 16.
f
What